at is p(y)?
3
Let i(p) = p**2 + 6*p - 5. Let n = -307 + 165. Suppose 21*r - 1470 = 31*r. Let k = r - n. What is i(k)?
-10
Let s(q) = 3*q**2 - q - 6. Let n be s(-2). Let v(z) = -26 + n*z - 29 + 55. Suppose 17*d + 26 = 4*d. Calculate v(d).
-16
Suppose -5*q + 35 = -5*f, -5*q = -4*q + 5*f + 17. Let j(y) = 2*y - 3 + 2 - q. Suppose -69*b - 42*b = -3*b - 540. Determine j(b).
6
Let n = -659 - -661. Let x(y) = -3*y**2 + 2. What is x(n)?
-10
Let a(y) = y**3 - 10*y**2 - 23*y - 9. Suppose -50 = 7*m - 134. What is a(m)?
3
Let u(c) be the second derivative of c**5/20 + c**4/3 - c**3/6 + 3*c**2 - 106*c + 34. Give u(0).
6
Suppose -4*l - 7 = 1. Let m(z) = -z**2 + 10 + 0 - z + 24*z**2 - 7*z. Let o(g) = 9*g**2 - 4*g + 4. Let b(v) = 2*m(v) - 5*o(v). What is b(l)?
-4
Let g be (-8)/3 - -3 - 13/3. Suppose -4*a + 84 = 3*a. Let z(d) = -d - a*d + 15*d + 2. What is z(g)?
-6
Let d(g) = -g**2 - 10*g - 31. Suppose 0 = 23*x - 43*x + 12*x - 24. Determine d(x).
-10
Let i(a) = -1. Let t(z) = z + 10. Let l(f) = -3*i(f) - t(f). Suppose 5*q = -49 - 1. Let m = -15 - q. Calculate l(m).
-2
Let j = 9 + -7. Let n be (32/12)/(j/(-6)). Let w(t) = -3*t**2 + 11*t - 4. Let p(s) = 4*s**2 - 12*s + 3. Let g(x) = 4*p(x) + 5*w(x). Give g(n).
0
Let t be 160 + -156 + 3/(-2) + (-21)/6. Let r(v) = 82*v**3 - v**2 + 1. Calculate r(t).
-82
Let b(p) = -p**3 + 4*p**2 + 2*p - 4. Let w be b(4). Let q = -8 + w. Let n(m) = -141*m - 52. Let f(u) = -64*u - 24. Let t(k) = -11*f(k) + 5*n(k). What is t(q)?
8
Let j(y) be the second derivative of 0 - 3*y - 1/12*y**4 + 2*y**2 - 1/3*y**3. Let o be (-21 - -22)*-15 + 10. Determine j(o).
-11
Let z(q) = q + 5. Suppose 0 = -3*t + 376 - 124. Let c = t + -96. What is z(c)?
-7
Let i(y) = -7*y**2 + 12*y - 22. Let x be i(6). Let c = x - -193. Let h(k) = 3*k + 6. What is h(c)?
-21
Suppose -u + 68 + 108 = -17*u. Let b(i) = i**2 + 9*i + 29. What is b(u)?
51
Suppose -3*l - t - 2510 + 2538 = 0, l = -t + 14. Let i(s) = -10*s - 21. Give i(l).
-91
Let n(z) = -12*z + 2. Let f(m) = -25*m + 4. Let u(w) = -3*f(w) + 7*n(w). Suppose 225*t = 211*t + 28. What is u(t)?
-16
Let r(v) = v + 3*v - 3*v - 5. Let s(g) = -2*g**3 + 35*g**2 - 58*g + 175. Let a be s(16). What is r(a)?
10
Let a(t) = -t + 4. Let h be -3 - (120/4)/(-1). Suppose -2*d + 5*j = 11, -2*j - h = -d - 6*j. Let n be a(d). Let c(u) = -u + 4. Calculate c(n).
7
Suppose -248*d + 6141 = -2043. Let a(z) = -z + 16. What is a(d)?
-17
Let t(g) = -g - 15. Suppose -n + 8*n - 2*n = 0. Suppose 2*m - 25 = -3*m. Suppose -2*p - 5*b - 17 = n, 0*p - m*p - 5*b - 50 = 0. Determine t(p).
-4
Let d = 5 + 2. Let m = d - 14. Let i(r) = -1942 + 647 + 650 - r + 645. Calculate i(m).
7
Let c(v) = v + 4. Let g be (-108)/(-11) + (-8)/(-44). Give c(g).
14
Let o(f) be the second derivative of 5*f**3/6 + f**2 - 5*f. Let r(n) = 40*n - 4. Let x be r(1). Suppose 4*d + 2*g + 26 = -0*g, -4*d = 4*g + x. Calculate o(d).
-18
Let u be (124/(-16) + 6)*(2 - -2). Let l(j) = -j**3 - 6*j**2 + 13*j + 49. Determine l(u).
7
Suppose 0 = -8*s + 26*s + 8388. Let a = -472 - s. Let c(q) = q - 8. Determine c(a).
-14
Suppose 0*g - 8 = -4*k - g, 5*g = 0. Let d(t) = 6 - 6*t - 2*t**2 + 3*t**k + 5*t**2 + 9*t**3 - 10*t**3. Give d(5).
1
Let b(n) = 10*n**2 - 11. Let c(t) = 2*t**2 - 2. Let a be -15*1*(-16)/(-40). Let f = 8 + a. Let j(y) = f*b(y) - 11*c(y). Determine j(1).
-2
Let c(u) = -3*u**2 + 106*u + 392. Let g(k) = 2*k**2 - 70*k - 261. Let s(r) = 5*c(r) + 7*g(r). What is s(-3)?
4
Let x(c) = -9*c - 19. Let o(y) = 18*y**2 - 179*y + 152. Let d be o(9). Give x(d).
-10
Let h(q) = 0*q + 7 + 2*q + 6 - 5. Suppose 15 - 5 = 2*a. Suppose 2*t - d = 3*d + 2, a*d + 48 = -4*t. Calculate h(t).
-6
Let n(c) = 13*c**3 + 2*c**2 + 13*c - 2. Let m(w) = 40*w**3 + 7*w**2 + 44*w - 8. Let l(y) = -2*m(y) + 7*n(y). Calculate l(-1).
-12
Let j(t) = -t**2 + 8*t + 14. Suppose 37*y + 142 - 241 - 234 = 0. Calculate j(y).
5
Let t(c) = c**2 - 2*c - 5. Suppose 25 = j + 20. Suppose j*l = h + 24, 0 = 30*h - 26*h + 3*l + 4. What is t(h)?
19
Let u = 23 + -69. Let n = u + 49. Let s(w) = 6*w + 4. Let b(m) = 7*m + 5. Let q(j) = n*b(j) - 4*s(j). Determine q(-3).
8
Suppose -m + 133 = 4*s - 12, -4*m + 4 = 0. Let b(j) = -26 + 88 - 28 - s + j. What is b(-2)?
-4
Let f(y) = -y**2 + 2*y - 57. Let w be f(-13). Let p be 1/(-2) - w/(-56). Let z(l) = -l + 4. Determine z(p).
9
Suppose 56 + 48 = -y + 2*w, -4*y = 4*w + 368. Let g = -95 - y. Let k(a) = 6*a**3 - a**2 + a - 1. Give k(g).
5
Let z(a) = -a**2 - 11*a + 59. Suppose -374*n + 377*n = 12. Give z(n).
-1
Let a(s) be the third derivative of 0*s + 2/3*s**3 + 5/24*s**4 + 0 - 126*s**2. What is a(-2)?
-6
Let m(g) be the third derivative of -g**5/15 + g**4/2 - 7*g**3/6 + 151*g**2 - 5*g + 2. Determine m(3).
-7
Let j = -1634 - -1640. Let o(c) = -c**3 + 5*c**2 + 5*c + 2. Let r(x) = -3*x**3 + 15*x**2 + 15*x + 6. Let n(v) = 11*o(v) - 4*r(v). Determine n(j).
4
Let v(y) = y - 4. Suppose 2*j = -2*q + 164, -203 = -3*q - j + 37. Let n = -76 + q. Suppose -2*h - 19 = 4*k - 7, -n*h - k - 3 = 0. Determine v(h).
-4
Let k be (160/56)/((-4)/(-14)). Let j(s) = -13*s - 10*s**2 + s + 11*s**2 + 7 + 7. Determine j(k).
-6
Let x(a) be the first derivative of 7*a**2/2 + 375*a + 4206. Determine x(-52).
11
Suppose -74 = -8*p + 166. Suppose 28*i = 31*i + p. Let l be i/6*48/(-40). Let s(m) = -2*m + 2. What is s(l)?
-2
Let r(t) = -2*t - 6. Let o be r(-3). Suppose -3*n + 9 = -2*f, n - 2*n - f + 3 = o. Let z(p) = 27*p - 9*p - n*p - 1. Calculate z(-1).
-16
Let s(g) = -g**2 + 10*g - 11. Let b(w) = -5*w + 9*w + 56 - 2*w + w. Let a be b(-16). Give s(a).
5
Let v(r) = -96*r + 2508. Let g be v(26). Let k(j) = -5*j + 78. Calculate k(g).
18
Suppose 2*c = 3*v - 9, -5*v = -c + 248 - 235. Let z(w) = w**3 + 14*w**2 + 29*w + 53. Give z(c).
-7
Let f(c) be the third derivative of -c**4/2 - 65*c**3/6 + 10*c**2 + 10. Let i be f(-5). Let h(w) be the first derivative of w**2/2 + 5*w + 1. Calculate h(i).
0
Let a(i) = 3*i + 2. Let g(x) = 4*x + 3. Let h(l) = -6*a(l) + 5*g(l). Let s(n) = -n - 46 + 129 - 46 - 38. Let k(z) = h(z) + 4*s(z). What is k(1)?
-3
Let z = 180157 - 180155. Let d(o) be the third derivative of -o**6/60 - o**5/60 + o**4/12 - o**3/3 + o**2. What is d(z)?
-18
Let g(z) be the third derivative of 1/120*z**6 - 9*z**2 + 1/6*z**3 + 0*z**4 + 0*z + 0*z**5 + 0. Let w be -2 + 8/2 - 3. Determine g(w).
0
Let v(s) = s**3 + 6*s**2 - 6. Suppose 5*c + 5*z = z + 32, 32 = 3*c - 4*z. Suppose 48 = -0*p - c*p. Calculate v(p).
-6
Suppose 0 = -842*i - 876*i - 2927 - 2227. Let n(y) = -3*y + 4*y**2 - 2*y**2 - 4*y**2 - y**3. Give n(i).
18
Let f(c) = 98*c + 5. Let m(x) be the first derivative of -25*x**2 - 3*x - 237. Let g(i) = 3*f(i) + 5*m(i). Calculate g(-1).
-44
Let f(p) = -3*p - 13. Let w = -153 + 148. What is f(w)?
2
Let n(j) = -j + 27. Let d = -502 + 507. Suppose -5*q = -3*w + 6*w - 3, 0 = -2*q + d*w - 5. What is n(q)?
27
Let z = 157 - 114. Let l = 46 - z. Let h(f) = 2*f**3 - 3*f**2 - 2*f - 1. Give h(l).
20
Let b(t) be the first derivative of -2*t**3/3 + 8*t**2 + 6*t - 57. What is b(6)?
30
Suppose -141 = -16*w + 563. Suppose w = -2*h + 46. Let l(y) = -17*y**3. Determine l(h).
-17
Let l(g) = -g**2 - 6*g - 4. Let s(z) = 2*z. Let c(p) = -l(p) + s(p). Let y = -55 - -46. Calculate c(y).
13
Let w(b) = b**2 - 7*b - 44. Suppose 4*g - 42 = -3*l, 4*l + 6*g = 9*g + 31. Calculate w(l).
-14
Let h(k) = -108*k - 117. Let a(o) = o**2 - 213*o - 234. Let t(f) = 3*a(f) - 7*h(f). Give t(-38).
3
Suppose 5*a + 3 = 2*n, 5*n = a - 4 - 0. Let f(i) = -5*i**3 + 15*i**2 - 6*i + 2. Let m(g) = g**3 - g**2 - g - 1. Let y(x) = n*f(x) - 4*m(x). Give y(10).
2
Let h = 85876 + -85888. Let l(t) be the second derivative of t**5/20 + t**4 - 11*t**2/2 + 2*t. Determine l(h).
-11
Let o(s) = -s - 11. Let t(j) = 9*j + 1. Let r(k) = -6*o(k) - t(k). Calculate r(24).
-7
Suppose 0 = 8*w + 16*w + 63*w - 174. Let f(a) = a**2 + 3*a - 4. What is f(w)?
6
Let f(d) = d**2 - 8*d + 20. Let h be f(4). Let a(l) be the first derivative of -4*l**2 + 6*l + 13. Give a(h).
-26
Let s = 157 + -43. Let m = 141 - s. Suppose 3*q - 3*j = -m, -5*j = q - j - 6. Let t(b) = b**3 + 5*b**2 - 4*b + 3. Determine t(q).
-9
Let n(q) = 19*q + 14*q - q**2 + 11*q + 17*q - 3 - 65*q. Suppose -3*k - 1 = 5. Determine n(k).
1
Let m = -64582 + 64581. Let b(y) be the second derivative of -1/2*y**2 - 1/6*y**3 - y + 0. Give b(m).
0
Let u(x) = -4